er when s is divided by 6?
3
Let b(r) = -11*r. Suppose 2*y + 5*l = 33, 0 = 13*l - 16*l + 15. What is the remainder when b(-1) is divided by y?
3
Let n = 1 + 2. Let g = 0 + n. Let w(r) = 4*r**2 - 2*r - 3. What is the remainder when 52 is divided by w(g)?
25
Let h(t) = -t**2 + 2*t + 36. Calculate the remainder when 20 is divided by h(6).
8
Let y = 37 + -10. Suppose 0 = 4*m - 16, 0*l + 5*l - 58 = 3*m. Calculate the remainder when y is divided by l.
13
Suppose 0 = 3*r - 8*r + 45. Suppose 3*t + 3*h = 0, -4*t + 22*h + 2 = 25*h. What is the remainder when r is divided by t?
1
Suppose 5*i - 2*j - 2*j - 37 = 0, -2*i + 4*j = -22. Calculate the remainder when (-52)/(-3) + 5/(-15) is divided by i.
2
Suppose 4*g = -s + 17, -6*g + 21 = 3*s - 4*g. Let i(p) = -p + 10. Let u be i(s). Suppose -52 = l - u*l. Calculate the remainder when 38 is divided by l.
12
Suppose -n + 0 + 83 = 0. Let r(p) be the second derivative of p**3/3 + 11*p**2/2 + 2*p. What is the remainder when n is divided by r(5)?
20
Let s(m) = 13*m**2 - 36. What is the remainder when s(4) is divided by 58?
56
Let k(x) = x + 13. What is the remainder when 39 is divided by k(8)?
18
Let t(p) = -p**3 + 3*p**2 + 2*p + 1. Calculate the remainder when 32 is divided by t(-2).
15
Let n(g) = -g + 8. Let p(h) = h - 5. Calculate the remainder when p(8) is divided by n(5).
0
Suppose 3*l + o - 26 = 0, o + o + 28 = 4*l. Let m be (4/2)/(4/14). Let v = m - 4. Calculate the remainder when l is divided by v.
2
Let d(v) = 14*v. Let m be d(2). Let w = -20 + m. What is the remainder when ((-1)/2)/((-3)/132) is divided by w?
6
Suppose 3*a - 9 = 0, 5*m - 7*a + 2*a = 55. What is the remainder when 15 is divided by 26/4 + 21/m?
7
Let k = 85 + -61. Let i(t) be the third derivative of -t**4/12 - t**3/6 + 2*t**2. Calculate the remainder when k is divided by i(-5).
6
Let q(m) = -m**2 + 6*m + 10. Let h = 1 + -1. Suppose 0*w - w + 4 = h. Calculate the remainder when w is divided by q(7).
1
Suppose -4*q = q - 25, 0 = u - q + 2. Calculate the remainder when u is divided by 2.
1
Let t = 3 - -13. Suppose 3*w = -4*q + 120, 0 = -3*q - 2*w + 7*w + 90. Calculate the remainder when 7*1/7*q is divided by t.
14
Let w be ((-69)/(-9))/1*-3. Let l be ((-198)/15)/(3/(-10)). Let a = l + w. Calculate the remainder when a is divided by 6.
3
Let a(y) = -16*y - 1. What is the remainder when a(-6) is divided by ((-576)/(-60))/(3/((-30)/(-4)))?
23
Let z(c) = c**2 - 3*c - 8. Calculate the remainder when 35 is divided by z(6).
5
Suppose v - 36 = 3*t, -4*v + 3*t - 90 = -9*v. Calculate the remainder when 41 is divided by v.
20
Suppose -5*k - j + 271 = 0, -2*j = -4*k - j + 215. Calculate the remainder when k is divided by 19.
16
Let d(x) = x + 8. Calculate the remainder when d(-5) is divided by 1.
0
Let y(a) = -a**2 + 7*a - 3. Let v be y(3). Let j = v - -15. Calculate the remainder when j is divided by 13.
11
Suppose -3*g = 2*g - 30. Suppose 0*k + g = 3*k. Suppose -k*q + 116 = -0*q. What is the remainder when q is divided by 15?
13
Suppose -5*j + 111 = 26. Calculate the remainder when 31 is divided by j.
14
Let n = -9 + 11. Suppose n*b + 31 = 3*b. Suppose p - 3*v - 31 = 0, p + v = 2*v + 21. Calculate the remainder when b is divided by p.
15
Let k = 16 - 10. Suppose -4*l = -9*l + 25. Suppose k*r = r + l. What is the remainder when 2 is divided by r?
0
Let u(v) = -v**3 - 5*v**2 + 3*v - 1. Let h be u(-6). Let r = h - 12. What is the remainder when (-21)/r*(-5)/1 is divided by 11?
10
Let i be (1/(-2)*0)/1. Suppose i*x = 3*x - 69. Calculate the remainder when x is divided by 13.
10
Let b(p) = -p**3 + 4*p**2 + p + 9. What is the remainder when b(4) is divided by 2?
1
Let x = -8 + 11. Suppose -s = m - 7, -3*s + 0*s + m = -21. Calculate the remainder when s is divided by x.
1
Suppose m + 2 = -5*b + 3*b, -4*m - 19 = -3*b. What is the remainder when (-3 - -4)*2*b is divided by ((0 - 3)/(-3))/1?
0
Let i be (-12)/5 + (-4)/(-10). Calculate the remainder when 14 is divided by 30/4 - i/4.
6
Let t be 8/(-3)*(-21)/14. Suppose 3*y - t*y + 49 = 0. What is the remainder when y is divided by 13?
10
Let j = -5 - -11. Suppose j*s = 4*s - 5*c + 31, -4*s + 5*c + 17 = 0. Let t = -7 + 12. What is the remainder when s is divided by t?
3
Calculate the remainder when 41 is divided by (88/(-6))/(12/(-18)).
19
Suppose -3*a + 176 = -a. Calculate the remainder when a is divided by 30.
28
Let o = 356 - 340. What is the remainder when (-268)/(-6) + (-1)/(-3) is divided by o?
13
Let b = -13 + 6. What is the remainder when 2*(-2)/4*b is divided by 3?
1
Suppose -5*v + x = -15, 5*v - 5*x - 2 - 13 = 0. Let o be ((-5)/(-5))/(2/(-28)). Let q = -7 - o. What is the remainder when q is divided by v?
1
Let d(o) be the third derivative of o**4/24 + 8*o**3/3 + 3*o**2. Let i be d(-12). Calculate the remainder when 7 is divided by (i - -2)/(-1 + 3).
1
Let g = -13 + -7. Let m be 16/g*(-15)/(-2). Calculate the remainder when 12 is divided by (m/4)/((-6)/28).
5
Let p(y) = 51*y**2 - y + 3. Let i be p(-6). Calculate the remainder when (-2)/(-5) + i/75 is divided by 7.
4
Suppose 0 = -2*v - v + 3. What is the remainder when 3 - ((-16 - v) + 0) is divided by 7?
6
Suppose 8*d - 4*d = -s + 29, 2*d - 1 = -5*s. Let r be 2/8 - 11/(-4). Suppose r*x = x + 46. Calculate the remainder when x is divided by d.
7
Let w = -23 - -51. What is the remainder when 107 is divided by w?
23
Let o be 2/3 - 22/(-3). What is the remainder when 23 is divided by 52/6 - o/12?
7
Calculate the remainder when (0 + -2)/(-2)*47 is divided by 12.
11
Let o(w) be the third derivative of -w**4/8 - w**3/2 - 3*w**2. What is the remainder when 25 is divided by o(-4)?
7
Suppose 0 = -5*q + 1 + 64. Calculate the remainder when q is divided by 3.
1
Let x be 2/(-5) + 196/(-10). Let i = x + 25. What is the remainder when 9 is divided by i?
4
Suppose -4 - 26 = 5*y. What is the remainder when 13 is divided by y*((-8)/6)/2?
1
Let l = -9 - 2. Let y(p) = -2*p**2 - 20*p + 41. Let w(t) = t**2 + 10*t - 21. Let n(u) = l*w(u) - 6*y(u). Calculate the remainder when n(-12) is divided by 5.
4
Let k = -15 + 21. Suppose -k*w = -w - 10. Calculate the remainder when 51 is divided by w - 3/(-6)*22.
12
Suppose -s - 1 = -6, 2*x = 5*s + 47. Let g = x - 26. What is the remainder when g is divided by 3?
1
Let t = -228 - -345. Calculate the remainder when t is divided by 30.
27
Suppose k + 0*z - 10 = -2*z, -5*k - z = -95. Let t = 36 - k. What is the remainder when 47 is divided by t?
15
Let f be ((-4)/(-3))/(6/9). Suppose f*r + 4 = 4*r. Let p(s) = s**3 + 6*s**2 + 10*s + 10. What is the remainder when r is divided by p(-4)?
0
Let j = 34 + -12. What is the remainder when 41 is divided by j?
19
Let c be 4 + -1 - 6/(-6). Let k(l) = -l**2 + 8*l - 1. Calculate the remainder when k(c) is divided by 9.
6
Let h(w) be the third derivative of 19/30*w**5 + 2*w**2 + 0 + 1/24*w**4 - 1/6*w**3 + 0*w. Calculate the remainder when h(1) is divided by 13.
12
Let q = 115 - 174. Let f = -41 - q. Let u = -5 + f. What is the remainder when 37 is divided by u?
11
Suppose 3*p + 2*u - 3 = 4*u, -6 = 3*p - 5*u. Suppose -2*v + p*q - 8 = 0, -2*v + v = -q + 2. Calculate the remainder when 33 is divided by (2/v)/(1/9).
6
Let f(l) be the third derivative of -l**4/8 - 7*l**3/6 + 7*l**2. Calculate the remainder when f(-12) is divided by 10.
9
Suppose 5*f + z - 31 = 0, 5*f = 3*z + z + 26. Let i(d) = -17*d - 47. Calculate the remainder when f is divided by i(-3).
2
Suppose 53 = m + 1. Suppose -2*f + 2 = 3*v, -f + 6 = 5*v - 9. Suppose v*a = -0*n + 3*n - 70, 2*n - 2*a = 44. Calculate the remainder when m is divided by n.
16
Suppose -j - 3*o = -3*j + 10, 2*j - 10 = -4*o. Suppose 10 + 15 = j*n. Suppose 5*t = n*y + 50, y + 4 = 3*t - 20. Calculate the remainder when 11 is divided by t.
4
Let y(i) be the second derivative of 11*i**4/6 - i**3/6 - i**2/2 + 2*i. Let t = 25 - 13. What is the remainder when y(-1) is divided by t?
10
Let s = 2 - 0. Suppose -4*l - 8 = 8, -s*i + 16 = 5*l. Calculate the remainder when i is divided by 5.
3
Let u = -18 + 34. Suppose z - 2 = 0, -2*b - b = -5*z + u. What is the remainder when 4 is divided by (0/2)/3 - b?
0
Suppose 2*f + 4*r + 8 = 0, 0*r + 8 = 4*f + 2*r. Let s(o) = -o**2 + 11. Let h = -4 - -4. Calculate the remainder when s(h) is divided by f.
3
Suppose -n = -2*n + 4*i + 18, 3*i = -5*